 = -8*o**3 - 15*o**2 - 30*o - 35. Let g(i) = -3*i**3 - 5*i**2 - 11*i - 12. Let d(l) = 11*g(l) - 4*v(l). What is d(5)?
3
Suppose 0 = -2*z - 15 + 23. Let l be (z + -2)*(-4 + 2 + 5). Let a(m) = -m**3 + 5*m**2 + 7*m - 5. Determine a(l).
1
Let f(p) = 4*p + 9. Suppose 0*h = 7*h + 49. Let n(d) = 9*d + 19. Let j(y) = h*f(y) + 3*n(y). What is j(-5)?
-1
Let v(u) = -u**2 + 16*u - 15. Let r be ((-100)/(-24) - 4)*-2*-42. Calculate v(r).
13
Suppose -2*h - 5 = -7*h. Suppose 5 = 2*v - h. Let f(t) = t - t**2 + 1 - v + 0. Give f(2).
-4
Let o(m) be the third derivative of m**5/60 - m**4/12 + m**3/3 - 5*m**2. Let y be 31/9 + 8/(-18). What is o(y)?
5
Let p(m) = -4 + 6*m**2 - 90*m + m**3 + 172*m - 88*m. What is p(-7)?
-11
Let b(c) be the second derivative of 1/3*c**3 - 16*c - 3*c**2 + 0. Calculate b(6).
6
Let q = -12 - -15. Suppose 4*h - q*f = -13, -9 - 8 = 4*h + f. Let v(n) = -9*n - 1. Let l(k) = 5*k. Let o(b) = -10*l(b) - 6*v(b). Give o(h).
-10
Let h(r) be the third derivative of r**4/12 + 7*r**3/6 + 2*r**2. Let m(i) = -8*i - 42. Let s be m(-6). Calculate h(s).
19
Let x be (-6)/(((-3)/18)/(-2 + 3)). Let f = 35 - x. Let s(i) = -6*i**2. Calculate s(f).
-6
Let k = 6 + -1. Let r(s) be the first derivative of s**5/20 - s**4/3 - s**3/2 - 2*s**2 + s - 1. Let o(c) be the first derivative of r(c). What is o(k)?
6
Let d(v) = 3*v**2 + 2*v + 1. Let h(f) = -11*f**2 - 6*f - 2. Let o(b) = -7*d(b) - 2*h(b). Let x = -17 - -26. Suppose -4*c = 20, 3*n + 0*c - x = 3*c. Give o(n).
5
Let h(p) = -p + 1. Let k(c) = -c. Let n(q) = q**2 - 7*q - 5. Let m(l) = -6*k(l) + n(l). Let x(v) = h(v) + m(v). What is x(3)?
-1
Let p(q) = -2 - 1 - 10*q**2 + 2. Suppose 31*n + 8 = 39*n. Give p(n).
-11
Let p(f) = 11*f**2 - 2*f + 1. Let h = -446 + 445. Determine p(h).
14
Let y(n) = n**2 - 4*n + 4. Let k be 363/12 - 2/8. Let s be ((-24)/k)/(2/(-10)). Calculate y(s).
4
Let t(n) = 2*n**2 - n + 7. Let a = 40 - 35. Let c(w) = -w**2 + w - 6. Let f(q) = a*t(q) + 6*c(q). Calculate f(1).
4
Let j(b) be the third derivative of -b**4/6 + 2*b**3/3 - 15*b**2 + 4. Determine j(10).
-36
Let x be (-9)/6*(-20)/(-6). Let o = -1 + x. Let g(f) = f**3 + 6*f**2 + f + 3. Determine g(o).
-3
Let n(i) = -i + 29. Let v(p) = 1. Let a(g) = -n(g) - 3*v(g). Give a(0).
-32
Let j(n) be the first derivative of n**4/24 - 5*n**3/6 - 11*n**2/2 - 2*n + 25. Let s(a) be the second derivative of j(a). Give s(0).
-5
Suppose -5*y + 5*j - 5 = 0, 0*y - 2*y = -j - 1. Let w(l) = 8*l**2 - 9*l**2 - 2*l**3 + l**3 - 5 + 0*l**y. Calculate w(0).
-5
Let l(p) = -p**2 - 7*p + 4. Let j be l(-4). Let z = 239 + -234. Suppose 2*y + 4*o - z = 9, 3*y + o = j. Let t(s) = s - 3. Determine t(y).
2
Let n(i) = i**3 + 6*i**2 + i + 5. Suppose -v - 3*q = -6*v - 102, 0 = 5*v + 5*q + 110. Let z = -27 - v. What is n(z)?
-1
Let s(b) be the first derivative of -9*b + 1/2*b**2 - 2. Calculate s(6).
-3
Let m(a) = -a**3 - 6*a**2 + a - 7. Let v = 2 - 2. Suppose v = -x + 5 - 11. Determine m(x).
-13
Let g(k) = -4*k - 1. Let y be 45/(-75)*(1 + (-4)/(-1)). Determine g(y).
11
Let n(x) = -x + 4. Suppose 0 = -3*q - 15, d + 2*q + 13 = 5. Suppose -2 = w - d*l, -4*w - 2 = -l - 29. Calculate n(w).
-4
Let m(r) = r**3 - 3*r**2 + r + 1. Let x = 1264 - 1261. Give m(x).
4
Let g(c) = -c - 3 + 2 - 3. Let z be (8/6)/((-2)/(-7 + 1)). Suppose -5*u - 63 = z*u. Calculate g(u).
3
Let l(n) be the first derivative of -n**7/168 + n**6/360 + n**5/60 + n**4/24 + 8*n**3/3 - 4. Let s(a) be the third derivative of l(a). What is s(-1)?
5
Let n(p) = 5*p + 1. Let q(d) = -4*d - 1. Let s(k) = -3*n(k) - 4*q(k). Suppose 852 - 846 = -2*w. What is s(w)?
-2
Let a(b) be the second derivative of -2*b**3/3 - 2*b**2 + 5*b - 1. Determine a(5).
-24
Let l(v) = -v**2 - 9*v - 3. Let c = -56 + 58. Suppose -c*g - 17 = -1. Give l(g).
5
Let m(x) be the first derivative of -3*x**2/2 + 15*x - 341. What is m(12)?
-21
Let j(s) = -s**2 + 8*s - 3. Let c be ((-14)/3 - (-4)/(-12)) + 12. What is j(c)?
4
Let g(n) be the third derivative of n**6/24 + n**5/30 + n**4/12 + n**3/6 - 23*n**2 + 4. Suppose 3*d + 25 = -2*d. Let f = d + 4. What is g(f)?
-4
Suppose -4*m - 7 + 23 = 0. Let i(u) be the third derivative of 7*u**4/24 + u**3/6 + 30*u**2. Let x(w) = w. Let k(s) = i(s) - 3*x(s). Calculate k(m).
17
Let d(r) = 6*r - 1. Let h(w) = 5*w - 1. Let q(g) = 2*d(g) - 3*h(g). Let m(x) = x**3 + 9*x**2 - 11*x - 12. Let b be m(-10). Give q(b).
7
Let v be (-5 - -1) + -2 + 5 + -6. Let i(c) = c**2 + 10*c + 9. Calculate i(v).
-12
Suppose 0*l = -l. Suppose 3*y - 4*a = 1, -2*y + 3*a + 0*a - 1 = l. Let z(i) = i**3 - 6*i**2 - 9*i + 8. Give z(y).
-6
Let g(u) be the second derivative of 5/6*u**3 + 5/2*u**2 + 0 + 5*u + 1/12*u**4. Let p be g(-5). Let m(d) = d**2 - 3*d - 3. What is m(p)?
7
Let a(b) = -b**3 - 7*b**2 + b + 5. Let c be (-2)/4*(-84)/(-7). Let i be (-4)/c*(-168)/16. What is a(i)?
-2
Let j(k) = -k**2 - 19*k - 15. Suppose u + 9 = -9. Let y be j(u). Let z(x) = x**3 - 3*x**2 - 2*x + 1. Calculate z(y).
-5
Let n(o) = -212 + 15*o**2 + o**3 + 15*o + 110 + 119. Give n(-14).
3
Let r(j) = 2*j. Let o be r(-1). Let z(h) = h**3 - 3*h**2 - 2*h + 1. Give z(o).
-15
Let l(d) = -d**3 - 3*d**2 + 8*d + 4. Suppose 34 = 3*v + 19. Suppose 0 = -v*c - 2*p - 29, -c + 4*p - p = -1. What is l(c)?
14
Let i(y) = y**3 - 7*y**2 - 8*y - 2. Let u be i(8). Let j(c) = -12*c + 7. Let a(k) = -11*k + 6. Let v be 168/32 - 1/4. Let g(t) = v*j(t) - 6*a(t). What is g(u)?
-13
Let m(p) = p**3 - 3*p**2 + 2*p - 1. Suppose -2*z = -3*v + 39, -10 + 5 = -v. Let i be (-8)/2 + (-7)/14*z. Determine m(i).
-1
Suppose -3*u + 16*y - 15*y = -11, -2*y - 10 = 0. Let d(o) = -o**3 + 2*o**2 - 2*o + 3. What is d(u)?
-1
Let n(c) = -c**3 - 4*c**2 + 6*c + 1. Suppose 0 = 3*q + z - 7, -4*q + 7 = -2*z + 1. Let l be (q/3)/(10/(-75)). Determine n(l).
-4
Suppose -18 = -3*f - 0*f. Suppose 0 = x + 24 - 29. Let z(s) = -3*s + 4*s - x*s + 6*s - 4. Calculate z(f).
8
Let l(o) = -o**3 - o**2 - o. Let n(z) = 7*z + 17. Let i be n(-2). Let b(u) = -2*u**3 - 10*u**2 + u + 3. Let v(c) = i*l(c) - b(c). Give v(6).
9
Suppose 0 = -39*l - 138 - 57. Let o(r) = -r**3 - 3*r**2 + 7*r + 4. Calculate o(l).
19
Let s be (-3)/((-4)/3*17/(544/(-24))). Let a(z) be the second derivative of z**4/12 - z. What is a(s)?
9
Let j(i) = i**3 - 6*i**2 - 6*i - 7. Let c be j(7). Let w(n) = -n. Let y(u) = u. Let a(l) = 2*w(l) + 3*y(l). Determine a(c).
0
Suppose 4*w - 4*j - 12 = 0, 4*w = -4*j + 3 - 15. Let n(m) be the third derivative of -5/6*m**3 + 0 - 1/24*m**4 - 11*m**2 + 0*m. Give n(w).
-5
Let i(v) = -2 - 6 - v**3 + 4*v + 7*v**2 + 2*v**3. Let b = 2377 - 2383. Let p be i(b). Let l(f) = f**3 - 3*f**2 - 5*f + 3. Determine l(p).
-1
Let k(n) = n**2 - 3*n - 19. Let z be k(7). Suppose 5*s = z - 39. Let t(o) be the second derivative of -o**4/12 - 5*o**3/6 + o**2 - o. Give t(s).
-4
Let x(f) be the third derivative of f**4/8 - 5*f**3/6 - f**2. Let m = 28 + -30. Let c = 3 - m. Calculate x(c).
10
Let f = -35 + 32. Let s(t) = 5*t + 6. Give s(f).
-9
Let r be (4 + -5)*-9*(0 + -1). Let v be ((-15)/r + -1)*-9. Let c(o) = o**2 + 5*o - 5. Determine c(v).
1
Let s(b) = 3*b**2 - 2*b - 2. Suppose -5*x - 23 = 2*d, -5*d - 5*x + 10 = 45. Give s(d).
54
Let o(f) = f**2 - 6*f + 4. Suppose -6*s + 5*d + 3 = -9*s, 0 = -5*s - 4*d + 8. Let v(b) = -3*b + 17. Let p be v(s). Determine o(p).
-1
Let r(i) = 59*i - 40*i + 8*i**2 - 20*i. Suppose -5*x + 25 = 4*z + z, -2*z = -4. Suppose 0 = -x*k + 15, -4*c + 5*k - 24 = -3*c. Calculate r(c).
7
Suppose 3*i = -5*n + 30, -3*i - n + 2*n + 12 = 0. Suppose -i*z = -4*z - 2*g - 2, 4*z = -g - 28. Let p(r) = 3*r - 6. Determine p(z).
-24
Let s(l) be the second derivative of 5/2*l**2 + 2*l - 8/3*l**3 + 0. Let y(a) = -8*a + 3. Let x(c) = -4*s(c) + 7*y(c). What is x(-1)?
-7
Suppose 5*s + 2*k = -2*k + 10, 0 = -2*k. Let u(r) = -5*r + 184. Let w(i) = -5*i + 245. Let m(b) = 4*u(b) - 3*w(b). Calculate m(s).
-9
Let l(s) = -2*s + 4. Let f = 17 - 14. Suppose -3*d = -p - 8, 2*d - 8 = -f*p + 3*d. Suppose 2*k - 4 = p. Determine l(k).
-4
Let f(r) be the first derivative of 2*r**2 - 26. Let s = 7 - 3. Let t be (-2)/(s/6) + 2. What is f(t)?
-4
Let x(v) = 7*v**2 - 16*v + 16. Let w(a) = 9*a**2 - 15*a + 15. Let f(y) = -3*w(y) + 4*x(y). Give f(19).
19
Let k(h) be the second derivative of h**4/6 + h**2/2 + 51*h - 2. Give k(0).
1
Let x(h) = -5*h**2 + 2*h - 1. Suppose 9*i = -29 + 38. Determine x(i).
-4
S